der when i(9) is divided by a(-7).
68
Let o(u) = u**3 + 14*u**2 + 16*u - 10. Let d be o(-12). Let r = -211 + 267. Let n = d - r. What is the remainder when 118 is divided by n?
28
Suppose -5*d - 101 = -2*c, 501*d - 498*d = -2*c + 77. What is the remainder when 13026 is divided by c?
40
Let t = 19360 - 18997. What is the remainder when t is divided by 74?
67
Let f = 19043 - 18876. Calculate the remainder when 330 is divided by f.
163
Let r(n) = -2*n**2 + n - 2. Let c be r(1). Let p be -27 - (5 + 0 + c). Let i = p - -35. What is the remainder when 11 is divided by i?
5
Suppose 143*u = 22*u + 21417. What is the remainder when u is divided by 8?
1
Let q(i) = 28*i + 14. Let g be q(-3). Suppose -4*x + 414 = -38. What is the remainder when x is divided by 4 + 10/(g/(-147))?
13
Let m(u) = 1031*u**2 + 46*u - 98. What is the remainder when m(2) is divided by 103?
101
Let i(n) = -n**3 + n**2 + 9*n + 2. Let u be i(-3). Suppose -2*w - 65 = u*h - 12*h, -5*h - 2*w = -301. What is the remainder when h is divided by 11?
6
Let z(v) = 9*v**2 + 2*v - 18. Let g(w) = -8*w**2 - 2*w + 17. Let u(y) = -5*g(y) - 4*z(y). Calculate the remainder when u(7) is divided by 17.
10
Suppose -2*u - 5*m = -80, 188 = 4*u + 33*m - 30*m. Calculate the remainder when 286 is divided by u.
36
Suppose -126 = 3*i + 3*j, -3*i + 0*j = 5*j + 126. Let x = i + 74. Let h(w) = -w**3 + 66*w**2 - 62*w - 184. Calculate the remainder when x is divided by h(65).
10
Let t(v) = -14*v + 228. Let d = 765 - 501. What is the remainder when d is divided by t(15)?
12
Let m be 1 + 1804/(-10) + (-4)/(-10). Let i = m - -121. Let k = i + 121. Calculate the remainder when k is divided by 17.
12
Suppose 0 = -2*b + 5*h + 369, 202 = 26*b - 25*b + h. Calculate the remainder when b is divided by 4/(-12) + (-67)/(-3).
21
What is the remainder when 342 is divided by 185/30*9*-4*2/(-6)?
46
Suppose 543 = 4*h - 0*x - 5*x, 0 = -h - 2*x + 152. Let t(k) = 5*k - 71. Let o be t(0). Let c = o - -95. What is the remainder when h is divided by c?
22
Suppose 25*i = -5*i + 15*i + 1785. What is the remainder when i is divided by 117?
2
Suppose f - 5*p = -18, -110 = 5*f + 5*p - 170. What is the remainder when 209 is divided by f?
6
Suppose 0 = 9*f - 44 + 170. Let q(m) be the first derivative of -m**4/4 - 5*m**3 - 7*m**2 + 5*m + 1. Calculate the remainder when 16 is divided by q(f).
1
Suppose 62 = 2*y - 10*n, -10*n = -3*y - 15*n + 173. Let d be 1 + -1 - (28 + 0). Let i = -15 - d. Calculate the remainder when y is divided by i.
12
Calculate the remainder when 864/324*18/(-4) + 294 is divided by 5.
2
Calculate the remainder when 71 is divided by -320*(1111/(-55) + 20).
7
Let o be (0 - 1)*(-295 - -10). Let k = o - 265. What is the remainder when 34 is divided by k?
14
Suppose -2*z - 8 = 0, 8*z = -4*s - 68 + 244. Calculate the remainder when 3687 is divided by s.
47
Let x be 2/6*(6 - -3651). Suppose -131 = -25*s + x. Calculate the remainder when 267 is divided by s.
51
Let k(t) = t**2 + 65*t - 1447. What is the remainder when 133 is divided by k(18)?
39
Let p(z) = -z**2 - 10*z + 41. Suppose 3*h - 30 = 2*f, 3*h + 2 = 4*f + 56. What is the remainder when 29 is divided by p(f)?
12
Suppose h + a - 42 = 0, -4*h + 110*a + 164 = 115*a. What is the remainder when 182 is divided by h?
44
Let r = -94 + 97. Suppose 0 = -r*m + 3. Suppose 0*n - n = 3*g + m, -g - 37 = -3*n. Calculate the remainder when n is divided by 4.
3
Let x(u) = -10*u**3 - 11*u**2 - 10*u. Suppose 117 = 5*s - 173. What is the remainder when s is divided by x(-1)?
4
Suppose 0 = 2*d - 126*u + 131*u - 589, -4*d + 1171 = 3*u. What is the remainder when 1791 is divided by d?
39
Let s = 193 - -39. Suppose -12*h - 4 = -s. What is the remainder when 454 is divided by h?
17
Suppose 3*h - 5*t = 203, -4*h + t + 236 = 3*t. Calculate the remainder when h is divided by 31.
30
Calculate the remainder when (354 + 4/(-4))*(-5 - (-21)/3) is divided by 102.
94
Suppose 0*x = 5*x, -y + 4*x + 2 = 0. Suppose -5*g + 114 = 3*s, 0 = 2*g - 5*s - 17 - 10. Calculate the remainder when 83*(-2)/(-4)*y is divided by g.
20
Suppose 2*p + 2*c - 3 = 21, c = -3*p + 30. Suppose p*d = 8*d + 3. Suppose r = d*r - 144. Calculate the remainder when r is divided by 25.
22
Let m be 3 - (-316)/8*-2. Let b = m - -81. Suppose 0 = 4*q + 3*p - 123, 3*q + 4*p - 153 = -2*q. What is the remainder when q is divided by b?
3
Suppose -6350 = -4*t - 6126. Calculate the remainder when t is divided by 31.
25
Suppose 11*a + 12*a - 184 = 0. Suppose -304 = -8*i - a*i. Suppose -23 = -w + 6. Calculate the remainder when w is divided by i.
10
Let x(u) = -15*u + 3. Let z be x(-24). Suppose 552 = 3*p - z. What is the remainder when p is divided by 39?
32
Suppose 5*g - 8*g + 39 = 0. Suppose -10*f + g + 27 = 0. Suppose f*l + 81 = 433. What is the remainder when l is divided by 10?
8
Suppose -96*m + 15642 = -14790. What is the remainder when m is divided by 21?
2
Suppose 413*w = 439*w - 2288. Calculate the remainder when 281 is divided by w.
17
Let k = 21406 + -18434. What is the remainder when k is divided by 213?
203
Let f = 75 + -75. Suppose -5*z = -10*z + 840. Suppose -2*i + 4*i - z = f. What is the remainder when i is divided by 29?
26
Suppose -7*c + 9729 = -44*c + 77217. Calculate the remainder when c is divided by 26.
4
Let c(z) = 102*z - 1282. Calculate the remainder when 42853 is divided by c(13).
41
Suppose 0 = -c + 4*c. Suppose -3 = k - c*k. Calculate the remainder when 53 is divided by (-42)/k*(0 - -1 - 0).
11
Suppose -c - 10 = -22. Suppose 76 = 3*l - 4*r, 2*r = -2 - 6. What is the remainder when l is divided by c?
8
Let f = -870 - -1297. Suppose 0 = -24*y + 173 + f. What is the remainder when 71 is divided by y?
21
Let r(f) = 5*f**2 - 5*f + 2. Let i(k) = k**2. Let a(o) = 6*i(o) - r(o). Let g be a(2). Let l = g - 6. What is the remainder when 22 is divided by l?
4
Suppose g + 0*g = 4. Suppose 2*k - 30 = -g*k. Suppose 2 = s - k. What is the remainder when 25 is divided by s?
4
Let p(t) = 5*t**2 - 12*t + 1. Suppose 6*v = 4*v - 10. Suppose 2*n + 105 + 76 = 3*h, -h + 59 = -n. What is the remainder when p(v) is divided by h?
60
Let b(d) = -17*d + 61*d + 44*d**2 + d**3 - 4*d - 119. Calculate the remainder when b(-43) is divided by 10.
0
Let j(a) = a**3 - 46*a**2 - 37*a - 2. Calculate the remainder when j(47) is divided by 118.
114
Let t be (-22)/4*(-24)/22. Calculate the remainder when 3/((-6)/48*t) + 192 is divided by 32.
28
Suppose 4*p = p. Suppose -4*g + p*g - 5*c = -108, g - 4*c - 6 = 0. Calculate the remainder when 81 is divided by g - (-4 - -1) - 4.
18
Suppose 181 = 5*u + 31. Let i = -2381 - -2500. What is the remainder when i is divided by u?
29
Suppose -1122*d + 13 = -p - 1118*d, 36 = 3*p + 3*d. What is the remainder when 239 is divided by p?
1
Let q(m) = 3*m**2 - 148*m - 695. Calculate the remainder when 111 is divided by q(54).
50
Suppose -8*w - 160 = -10*w. Let n = w + -135. Let j = n + 84. Calculate the remainder when 57 is divided by j.
28
Let g = 542 + -304. What is the remainder when g is divided by (61610/(-3030))/((1/(-2))/((-15)/(-10)))?
55
Let r = 114 - 114. Suppose 3*l + 4*c - 24 = r, -5*l + 2*c + 26 - 12 = 0. Suppose 0 = -3*k - l*k + 105. What is the remainder when 25 is divided by k?
10
Suppose 86*w - 4799 = -1273. What is the remainder when w is divided by 5*(-4 - (-168)/20)?
19
Let p be (-3)/4 + (-114)/(-24). Let h be 9/p*(-7)/(63/(-12)). Calculate the remainder when 54 is divided by h/(-2)*-8 + (6 - 4).
12
Let o = 381 - 435. Let v = o - -76. Calculate the remainder when 282 is divided by v.
18
Suppose -37 = -5*y + 3*y + b, -15*b = -2*y + 79. Calculate the remainder when 345 is divided by y.
5
Let n = -256 - -591. Suppose n = 3*c + 2*c. Suppose c = 6*s - 5*s. What is the remainder when s is divided by 18?
13
Suppose 6*x - 999 = -135. Suppose h - 157 + x = 0. Calculate the remainder when 42 is divided by h.
3
Suppose 0 = -7*o + 710 + 284. What is the remainder when o is divided by (-23 - -8) + 9 - -22?
14
Suppose -260 = -16*f + 1756. Suppose 2*o = 3*n - 157, 4*o - f = -15*n + 13*n. Calculate the remainder when 149 is divided by n.
39
What is the remainder when 2141 is divided by (-7)/(-1) - 16/(160/(-70))?
13
Let q(t) = t**2 - 1. Let o be q(1). Let z be (2 + o)*(-15 - -16). What is the remainder when 41 is divided by z